t is the greatest common divisor of 24 and c?
24
Suppose -4*n - 7*n - 55 = 0. Let c(y) = y**2 + 5*y - 1. Let d be c(n). Let o be d/(4/(-132)) + 3. What is the greatest common divisor of 9 and o?
9
Let c be 582/(-485)*(173/(-3) - (-1 + 0)). Calculate the greatest common divisor of 51 and c.
17
Suppose -3660 = -21*l + 30 + 9162. Calculate the highest common factor of 68 and l.
68
Suppose 50*q - 5*q = 0. Let p(f) = 4*f**2 + 2*f + 1. Let m be p(2). Let g be 132/m + (q - 4/14). What is the highest common factor of 42 and g?
6
Suppose -m = -2 - 2, -4*u - 5*m + 1760 = 0. Let f = 1131284 - 1131254. What is the highest common divisor of u and f?
15
Let c(m) = m**2 + 11*m + 37. Let n be c(-5). Suppose n*j = -33 + 96. What is the highest common factor of 153 and j?
9
Let n(u) = -245*u - 196. Let m be n(-1). Calculate the highest common divisor of m and 2779.
7
Suppose v = -i - v, -4*v = 4. Let w be (-191 + 199)/(6*8/18). Suppose 0 = w*g - 14 + i. Calculate the highest common factor of g and 28.
4
Suppose 10867 = 44*g - 2685. Suppose 2*t = -4*a + 48, 0*t - 2*a = 2*t - 52. What is the highest common factor of t and g?
28
Suppose 0 = -2*x + 4*k + k + 95, 5*k = x - 60. Suppose x*w = 25*w + 430. What is the highest common factor of w and 387?
43
Let m be (2 + 20/2)*(-28)/6. Let x = m + 61. Let k = 439 + -404. What is the highest common factor of x and k?
5
Suppose 0 = -5*u + 412*m - 416*m + 88, -u = 4*m - 24. What is the highest common factor of 766 and u?
2
Let h = 85 - 41. What is the highest common factor of 5324 and h?
44
Suppose 1746 = 6*a + 84. Let k be (-78)/(-104) + a/4. What is the highest common divisor of k and 10?
10
Let c = 53 - 44. Suppose -d - 5*i - 15 = 0, 4*d - c = 2*d + 3*i. Suppose d = t - 2, -b + 3*t + 17 = t. What is the highest common factor of b and 14?
7
Let d(o) = o**2 + 5*o - 5. Let i be d(3). Suppose i*a - 112 = 78. What is the greatest common factor of a and 110?
10
Suppose 2*q - q - 10388 = -5*b, 0 = -5*b - 5*q + 10380. Let u = b - 1324. Let r be (-32)/80 - u/(-10). What is the highest common factor of 15 and r?
15
Suppose -1764*k - 50160 = -1802*k. Calculate the highest common divisor of 840 and k.
120
Let p be -5 + (-3 - -7 - -1). Suppose -22*n + 6*n + 160 = p. What is the greatest common divisor of 270 and n?
10
Let c = 2 - 0. Suppose -3079 + 3073 = -3*y. What is the highest common divisor of y and c?
2
Suppose 2*v - 3190 - 1174 = 0. Let g(k) = -18*k + v - 2182. Let z be g(-12). What is the greatest common factor of z and 24?
24
Suppose -20*s = -16*s + 140. Let h = 4 + s. Let q be h*5/(-5) - -2. Calculate the greatest common factor of 66 and q.
33
Let h(g) = 3*g**2 + 25*g + 2432. Let z be h(0). Calculate the greatest common divisor of z and 418.
38
Let n be 90/14*(28 + 7). Let i = 124 - 79. Calculate the greatest common factor of i and n.
45
Suppose 0 = -3*k + 36 + 39. Let j(q) = 40*q - 385. Let u be j(11). What is the greatest common divisor of u and k?
5
Suppose 4 - 19 = -3*q. Let i = q + 8. Let m(z) = -2*z**3 - 9*z**2 + 18*z + 13. Let x be m(-6). What is the greatest common factor of x and i?
13
Let z be ((-20)/12)/(1/(-48)). Let d = -38 + z. Let f = -2330 + 2351. What is the greatest common divisor of d and f?
21
Suppose -13181 + 2488 = -17*n. Let i be 2/2 - (13 - 10)*-12. Calculate the highest common divisor of i and n.
37
Suppose -28*r + 33*r - 4255 = o, 5*r = -4*o + 4230. What is the highest common factor of r and 34?
34
Suppose 600 = 3*l + l. Suppose 0 = -5*p - s + 506, 5*p - 2*s - 20351 = -19863. Calculate the greatest common factor of p and l.
50
Let x be 3785/15 + 2/6*-1. What is the greatest common divisor of 108 and x?
36
Suppose 257*y - 247*y = 1920. What is the highest common factor of y and 19296?
96
Let u(f) = 3*f - 37. Let d(n) = 2*n**2 - 18 - n - 2*n**2 + 2*n**2 + 0*n. Let i be d(5). Let z be u(i). Calculate the greatest common divisor of z and 66.
22
Suppose 0 = -4*g + 2*g - a - 363, 0 = 3*g + 3*a + 540. Let y = g - -239. Let i be 7/(6/3 - 1). What is the greatest common divisor of y and i?
7
Suppose -10*v + 14*v = -c + 8299, -5*c = -5*v + 10405. What is the greatest common divisor of v and 192?
12
Suppose 293 = 34*x - c, 42*c - 11 + 37 = 44*c. Let z(a) = -54*a. Let b be z(2). Let q = b - -189. What is the highest common divisor of x and q?
9
Suppose -18*o + 14*o - 3*c - 1587 = 0, -o - 384 = 5*c. Let n = -355 - o. Calculate the highest common divisor of 11 and n.
11
Let m = -468 - -326. Let d = m + 153. Calculate the highest common factor of d and 1.
1
Let k be (-36)/(-24)*(-336)/(-4 - 0). What is the greatest common divisor of k and 1323?
63
Let w = -30 + 106. Let q = w + -46. Suppose z - 536 = -516. What is the greatest common factor of q and z?
10
Suppose 6*s = -n + 36, 28*n - 3*s - 150 = 25*n. Calculate the greatest common factor of 12 and n.
12
Suppose 6072 = -683*g + 687*g. What is the greatest common factor of g and 1242?
138
Suppose 0*x + 104 = x. Let j(z) = -z**2 - 57*z + 683. Let u be j(10). Calculate the greatest common factor of x and u.
13
Let f = 75765 + -38785. Calculate the highest common factor of f and 20.
20
Let t be 15/12 - (-243)/36. Suppose -503 + t = -9*l. Suppose -5*m + 3*n = 7*n - 17, 5*m = -n + 23. What is the greatest common factor of l and m?
5
Suppose 0 = 41*k + 1122 - 1901. What is the highest common factor of k and 323?
19
Let f(t) = -t**3 + 2*t**2 - 3*t - 4. Let o = 6 - -8. Let j be o/(-6) - (-2)/6. Let u be f(j). What is the highest common divisor of u and 6?
6
Suppose 2*w = 5*i - 10, -4*w = -4*i - 5 + 13. Suppose w = -0*o + 4*o + 24. Let v be (0 + 27/o)/((-24)/224). Calculate the greatest common divisor of 462 and v.
42
Suppose 71*z - 1774 - 12 = 1693. What is the greatest common divisor of 98 and z?
49
Let a = 325 - 1. Suppose -245 - 155 = -40*j + 80. Calculate the greatest common divisor of a and j.
12
Suppose -5*t = -s + 60, -5*t + 4*s + 48 = -9*t. Let g be (-4 - t)/(2/84*4). What is the highest common factor of g and 12?
12
Suppose 2*j - 6668 = -3*q, q = -3*j + 2705 - 473. What is the greatest common divisor of 36 and q?
12
Let k be 8/(5480/420 + -13). What is the greatest common divisor of k and 21000?
168
Let x(k) = 71*k + 1766. Let m be x(-21). Calculate the greatest common factor of 1870 and m.
55
Suppose 4*n = -4*m + 40, 2*m = 4*n - 2*m - 56. Let y(a) = a - 3. Let g be ((-12)/(-8))/(4/40). Let f be y(g). Calculate the greatest common factor of n and f.
12
Suppose -3*s + 2*s - 10 = 0. Let m(q) = 73*q + 79*q + 43 - 221*q + 71*q. Let z be m(s). What is the highest common factor of z and 138?
23
Let m be ((-3015)/(-28) + (-522)/1218)/((-2)/(-8)). What is the greatest common divisor of 78 and m?
39
Let i = 74939 + -74801. Let q(o) = -4*o**3 - 3*o**2 - 5*o + 2. Let l be q(-4). What is the highest common factor of i and l?
46
Let z(k) = -k**3 - 29*k**2 - 87*k + 8. Let q be z(-26). Let b = -192 + q. Calculate the greatest common divisor of 275 and b.
25
Let l(w) = -w**2 - 113*w + 3147. Let v be l(23). What is the greatest common factor of 5263 and v?
19
Let q(x) = 21 + 8 - 6*x - 10 + x. Let r be q(-6). Suppose r = 5*v - 41. What is the greatest common factor of v and 198?
18
Let q(g) = -g**3 - 16*g**2 - 63*g - 25. Let x be q(-10). Suppose -2*l = 5*t - 90, -2*l + 5 = t - 5. Calculate the highest common divisor of t and x.
5
Let h = 3799 + -3649. Calculate the greatest common divisor of 810 and h.
30
Let o be -8 - 16664/(-32)*8. What is the highest common divisor of 28 and o?
14
Let i(f) be the third derivative of -f**4/12 + 29*f**3/2 + 80*f**2. Let b be i(0). What is the greatest common divisor of 58 and b?
29
Let o = -150 - -175. Calculate the highest common divisor of 1600 and o.
25
Let b = 16879 + -16719. What is the highest common factor of 9720 and b?
40
Suppose 0 = -717*k + 622*k + 11662 + 25578. Calculate the greatest common factor of 58 and k.
2
Let u = 4173 - 3553. What is the greatest common factor of 80 and u?
20
Suppose 4*r + 652 = 4*z, 0 = 4*z + 2*r - 489 - 133. Calculate the greatest common divisor of z and 158.
158
Let l be 0*(-1 - 0) + 21. Let c(s) = -s**3 - 24*s**2 - 25*s - 41. Let d be c(-23). Let k = l - d. Calculate the highest common factor of k and 160.
16
Let j = 13664 - 7194. What is the greatest common factor of j and 10?
10
Let f(y) = -46*y + 5